y(v) = -v - 4. Let s(p) = -p**3 + 2*p**2 + 3*p. Let l be s(3). Let a be y(l). Let c = 14 + a. List the prime factors of c.
2, 5
Let d = -15 + 22. What are the prime factors of d?
7
Let g(k) = -6*k + 4*k + k. Let c be g(-6). What are the prime factors of 32/5 + c/(-15)?
2, 3
Let i(g) = g**2 + g - 25. Let j be i(0). Let p = -11 - j. List the prime factors of p.
2, 7
Let m = 848 + -528. List the prime factors of m.
2, 5
Suppose -10 = -4*i + 2. Suppose 2*n - 4 = -i*h, 3*h - h - 21 = -5*n. Suppose 12 = -3*q + n*q. What are the prime factors of q?
2, 3
Suppose 0 = -3*m - 0 + 12. Suppose -m*w = -46 - 6. What are the prime factors of w?
13
Let s(u) = 4*u + 6. Let k(q) = 3*q + 5. Let y(c) = 5*k(c) - 4*s(c). Let t be 0/(-2) - 2*3. What are the prime factors of y(t)?
7
Let f = 10 - 14. Let t(p) = p + 7. List the prime factors of t(f).
3
Let q(v) = -4*v - 8. What are the prime factors of q(-7)?
2, 5
Suppose -35*v - 27 = -38*v. What are the prime factors of v?
3
Let c be (-2)/(-10) - 36/(-20). Suppose -34 = -3*g - 16. Suppose 2*d - 2 - g = 0, c*d - 38 = -5*f. List the prime factors of f.
2, 3
Let g(l) = -6*l + 16. List the prime factors of g(-6).
2, 13
Let k(c) = -c**2 + 2*c. Let t be k(-2). Let h = 14 + t. What are the prime factors of h?
2, 3
Let b(j) = 61*j**2 - 7*j - 1. What are the prime factors of b(-2)?
257
Let i = -16 + 27. Let p = -4 + i. What are the prime factors of p?
7
Suppose l - 5*u = 464, l + 4*u + 1370 = 4*l. List the prime factors of l.
2, 227
Suppose 0 = -2*o + 2*y + 2*y + 112, 4*o - y - 217 = 0. List the prime factors of o.
2, 3
Let g(m) = -8*m**2 + 14*m**2 - 20*m - 13 - 7*m**2. What are the prime factors of g(-16)?
3, 17
What are the prime factors of (-38)/(-2) - (0 + 2)?
17
Suppose s = 5, s + 26 = 3*i + 5*s. What are the prime factors of i?
2
Suppose 20 = p + 4*p. Suppose p*l + l = 75. List the prime factors of l.
3, 5
Let o be 7 + 8/(2 + 0). Suppose 9*y + 58 = o*y. What are the prime factors of y?
29
Let u = 27 + 10. What are the prime factors of u?
37
Suppose 0*t - 22 = -2*t - a, -a = -3*t + 28. Suppose -3*c + 3*n + n = t, c - n = -2. Suppose -c*u + 5 = -u. What are the prime factors of u?
5
Suppose 0*d + 5*d - 25 = 0. Suppose n - 5*i - 32 = 0, -4*n - d*i + 88 = -165. Suppose -7 - n = -4*z. What are the prime factors of z?
2
Let c(a) = -a**2 - 2 - a**2 + 5*a**2 - a**2. List the prime factors of c(-3).
2
Let u(g) = 9 - 3 + 1 - 2*g - 1. List the prime factors of u(-4).
2, 7
Suppose -5*f + 2*z = -1 - 11, 4*z = 2*f + 8. Suppose 0*b + 2*s = 3*b - 147, -4*s - 192 = -f*b. What are the prime factors of b?
3, 17
Let i = 110 - 63. What are the prime factors of i?
47
Let y(r) = 18*r**3 - r**2 + 1. Let k be y(1). Suppose -13*f + k*f = 145. List the prime factors of f.
29
Suppose 2*w + 4 = -2*r, -5 = -5*w + 5. What are the prime factors of r/(2 + 2) + 10?
3
Let u = 40 + -19. List the prime factors of u.
3, 7
Suppose 40 = 5*s - 2*x, 5*s + 4*x - 26 = 44. Let i = s - 4. List the prime factors of i.
2, 3
What are the prime factors of 1*(-40 - 1)/(-1)?
41
Suppose -2*p - 1 - 1 = 0. Let d = -1 + p. What are the prime factors of (1/d)/(4/(-96))?
2, 3
Suppose 793 = 4*g - 4*k - 495, -2*g + k + 649 = 0. List the prime factors of g.
3, 109
Let z be 1/(-4) + 682/8. Suppose y + 4*y - z = 0. List the prime factors of y.
17
Suppose -5 - 7 = -4*c. List the prime factors of 18 + c/(-6)*-4.
2, 5
Let w(u) = 23*u**3. Let t be w(1). Let l = -1 + t. What are the prime factors of l?
2, 11
Suppose 2*q + 5*n = -11, -4*q - 5*n - 2 = 5. Suppose -y + 9*l + 31 = 5*l, 3*y = -q*l + 51. What are the prime factors of y?
19
Let b = 52 - 29. List the prime factors of b.
23
Suppose 0 = j + 4, c = -2*j - 8. Suppose -4*f - 2 + 10 = c. List the prime factors of f.
2
Let p(g) = -17*g**3 - 7 + 0*g**2 + 2*g + 4 + 2*g**2 + 4. What are the prime factors of p(-1)?
2, 3
Let h = 13 - 10. Suppose -2*u + 4*n + 48 = 0, -6*n = h*u - 2*n - 72. What are the prime factors of u?
2, 3
Suppose 2*l + 0 = 4. Let c be (-33)/(-9) + l/6. Suppose -2*m = -c - 0. List the prime factors of m.
2
Let t be (-4)/(-22) - (-39)/(-33). Let j be 10/t + 6/3. Let q = j + 15. List the prime factors of q.
7
Let m(u) = -4*u**3 + 3*u**2 + 2. List the prime factors of m(-3).
137
List the prime factors of 838/8 - 3/(-12).
3, 5, 7
Let y(h) = h**3 - 4*h**2 - 5*h + 3. Let j be y(5). Let p = -20 + 23. Suppose -28 = -3*d - 2*z, z - 4*z - p = -j*d. List the prime factors of d.
2, 3
Let z = 129 + -54. Let m = z + -50. What are the prime factors of m?
5
What are the prime factors of 8 + (0 - 2) + 3?
3
Let g(d) = d**3 - 2*d**2 + 3*d - 2. List the prime factors of g(3).
2
Let s = 96 - 61. What are the prime factors of s?
5, 7
Let t be 1/(2/(-4))*-22. Let b = -23 + t. List the prime factors of 28/3 + 14/b.
2, 5
Let n be (-3 - -3)*2/4. Let p be 6/(n + (3 - 1)). List the prime factors of 3/(p/2) - -2.
2
Let i = -12 - -25. List the prime factors of i.
13
Let m = 1 - 2. Let o be m + (-11)/(2/2). Let g = o - -21. List the prime factors of g.
3
Suppose -4*k + 22 = -10. Suppose -4 - 4 = p + 3*q, -2*p = 4*q + k. List the prime factors of p.
2
Suppose 2*g - 5*g - 21 = 0. Let s(m) be the second derivative of m**5/20 + 7*m**4/12 + 3*m**2/2 - m. What are the prime factors of s(g)?
3
Suppose 3*u + u + 3*y - 571 = 0, 4*y = 3*u - 447. Suppose -q + u = 3*t, -5*t + 4*t - 2*q + 40 = 0. Suppose -t = -4*d + 2. What are the prime factors of d?
13
Let j(k) = k**3 + 10*k**2 + 9*k + 9. Let m be j(-9). Let i = m - 3. List the prime factors of i.
2, 3
Let f be -1 + (-2)/(-1) + 72. Suppose -3*q + f = 4*h, -3*h - 121 = -2*q - 44. What are the prime factors of q?
31
Suppose -5*a + 21 = -0*c + 2*c, 3*c - 4*a = 20. What are the prime factors of ((-2)/c)/(7/(-812))?
29
Suppose 33 = 4*i + 5*t - 18, 2*i - 9 = 3*t. What are the prime factors of i?
3
What are the prime factors of 3130/9 - 58/(-261)?
2, 3, 29
Suppose -6 = j - 8. Suppose 0 = -2*s + 2*a + 56, s = -5*a - j + 12. What are the prime factors of s?
5
Suppose 0*m + 3*m - 21 = 0. Let q(w) = -w**3 + 8*w**2 - 5*w - 10. Let d be q(m). Suppose 5*j - 103 = l, 3*j - d*l - 103 = -31. List the prime factors of j.
2, 5
Let h(z) = -56*z**2 + 17*z + 8. Let p(s) = 19*s**2 - 6*s - 3. Let i(f) = -3*h(f) - 8*p(f). Let n be i(2). Let y = n - 37. What are the prime factors of y?
3, 7
Let z = 7 + -6. Suppose -1 - z = 2*u. Let w(t) = -6*t**3 + t. List the prime factors of w(u).
5
Suppose 0 = 25*j - 30*j - 30. Suppose l = 2*w + 4, l = 4*w - 9*w + 25. Let v = j + l. What are the prime factors of v?
2
Let z = 0 + 1. Suppose -4*x - z - 3 = 3*s, -2*s = 8. List the prime factors of x.
2
Let a(p) = p**3 - 10*p**2 + 4*p + 11. Let c(f) = -f**3 + 11*f**2 - 4*f - 12. Let x(n) = 5*a(n) + 4*c(n). What are the prime factors of x(5)?
2
Let h(y) = -5*y**3 + y**2 - 2*y. Let q be h(2). Let o = q + 57. List the prime factors of o.
17
Suppose -2*v = -5*d, 2*d - 2*v - v = 0. Let r(q) be the third derivative of -q**5/60 - q**4/24 + 5*q**3/3 + 5*q**2. What are the prime factors of r(d)?
2, 5
Let c(t) be the second derivative of -1/3*t**3 + 1/20*t**5 + 0 + 1/3*t**4 + 0*t**2 + t. List the prime factors of c(-4).
2
Suppose -n + 3*n = 2, -3*n = 4*g - 139. What are the prime factors of g?
2, 17
Let l(a) = -a. Let s(y) = 4*y - 9. Let q(w) = -3*l(w) - s(w). Suppose h - 25 = -4*h. List the prime factors of q(h).
2
Let n(q) = q**3 + 9*q**2 - 11*q + 1. Let w be ((-10)/(-15))/((-4)/6). Let y be w/2 + (-38)/4. List the prime factors of n(y).
11
Suppose 0*a = l + 2*a - 38, -4*l + 4*a + 212 = 0. Suppose -4*v = -8 - l. What are the prime factors of v?
2, 7
Suppose l - 4 + 0 = 0. Suppose -2*d - l*h = 14, -3*d - 4*h + 5*h = 42. List the prime factors of 2/(1 + -3)*d.
13
Let b be 2/(-16)*-4*0. What are the prime factors of 2*(b - (-164)/8)?
41
Let x = 11 - -20. List the prime factors of 1 + 1 - (1 - x).
2
Let h be (3/(-2))/((-45)/(-240)). Let b(p) be the third derivative of -p**5/60 - 5*p**4/12 - 5*p**3/3 - p**2. List the prime factors of b(h).
2, 3
Let c be (10/4)/((-6)/12). What are the prime factors of -1*(-5)/(c/(-9))?
3
Let x(k) = -3*k**3 - 3*k**2 - 2*k - 2. Let t be x(-2). Let l = t - -4. What are the prime factors of l?
2, 3
Suppose -5*d - o - 1 = -3*o, 5*o - 12 = 3*d. What are the prime factors of ((-10)/4 - d)*-2?
7
Suppose -72 = -2*b + 2*d, b + 5*d - 132 = -2*